{"id":47085,"date":"2024-11-13T11:05:26","date_gmt":"2024-11-13T10:05:26","guid":{"rendered":"https:\/\/ctinternational.nl\/shop\/?post_type=product&#038;p=47085"},"modified":"2026-04-04T09:32:00","modified_gmt":"2026-04-04T07:32:00","slug":"volatile-massageolie-sesam-belaste-spieren-biologisch-koudgeperst","status":"publish","type":"product","link":"https:\/\/ctinternational.nl\/shop\/product\/volatile-massageolie-sesam-belaste-spieren-biologisch-koudgeperst\/","title":{"rendered":"Volatile Massageolie Sesam Belaste Spieren &#8211; Biologisch Koudgeperst Sportmassage olie"},"content":{"rendered":"<h1>Volatile Massageolie Sesam Belaste Spieren &#8211; Biologisch Koudgeperst<\/h1>\n<p>Etherische massageoli\u00ebn zijn niet meer weg te denken uit de sportwereld. De Volatile sport massageoli\u00ebn hebben een zeer goede werking op spieren, pezen, gewrichten, slijmbeurzen, bij kramp, tegen pijn en bij blessure. Speciaal voor sporters heeft Volatile de massageoli\u00ebn: Belaste spieren, Relax, Warming-up, Relief, Bij Stress, Winning mood en Nek\/Schouder.<\/p>\n<p>De sportmassage-olie Belaste Spieren op basis van <strong>Sesam<\/strong> bevat 2,5% zuivere essenti\u00eble olie. Alle overige Volatile massage-oli\u00ebn bevatten 2% zuivere essenti\u00eble olie. De Volatile sportmassage-oli\u00ebn bevatten geen waterbasis, hierdoor zijn ze lang houdbaar en voelen niet koud aan op de huid.<\/p>\n<ul>\n<li>Speciaal samengesteld met pure sesam olie<\/li>\n<li>Sesam is een zaad, staat los van een allergie voor noten<\/li>\n<li>Makkelijk uit te smeren, ook over grote oppervlakten<\/li>\n<li>Zuinig in gebruik<\/li>\n<li>Geschikt voor elk huidtype en geschikt bij notenallergie<\/li>\n<li>Met o.a. citroen, cypres, jeneverbes en lavendel<\/li>\n<li>250 ml<\/li>\n<li>Sportmasseur<\/li>\n<li>Fysiotherapeut<\/li>\n<\/ul>\n","protected":false},"excerpt":{"rendered":"<p>Volatile Massageolie Belaste Spieren op basis van <strong>Sesam<\/strong> stimuleert de afvoer van opgehoopt melkzuur in de spieren. Speciale Volatile sport massageolie. Ook geschikt voor mensen met een notenallergie.<\/p>\n","protected":false},"featured_media":55508,"template":"","meta":{"_monsterinsights_skip_tracking":false,"_monsterinsights_sitenote_active":false,"_monsterinsights_sitenote_note":"","_monsterinsights_sitenote_category":0},"product_brand":[],"product_cat":[76,211,216],"product_tag":[],"class_list":{"0":"post-47085","1":"product","2":"type-product","3":"status-publish","4":"has-post-thumbnail","6":"product_cat-schoonheid","7":"product_cat-volatile-aromatherapie","8":"product_cat-volatile-massage-olie-sport-olie","9":"description-off","11":"first","12":"instock","13":"taxable","14":"shipping-taxable","15":"product-type-simple"},"_links":{"self":[{"href":"https:\/\/ctinternational.nl\/shop\/wp-json\/wp\/v2\/product\/47085","targetHints":{"allow":["GET"]}}],"collection":[{"href":"https:\/\/ctinternational.nl\/shop\/wp-json\/wp\/v2\/product"}],"about":[{"href":"https:\/\/ctinternational.nl\/shop\/wp-json\/wp\/v2\/types\/product"}],"wp:featuredmedia":[{"embeddable":true,"href":"https:\/\/ctinternational.nl\/shop\/wp-json\/wp\/v2\/media\/55508"}],"wp:attachment":[{"href":"https:\/\/ctinternational.nl\/shop\/wp-json\/wp\/v2\/media?parent=47085"}],"wp:term":[{"taxonomy":"product_brand","embeddable":true,"href":"https:\/\/ctinternational.nl\/shop\/wp-json\/wp\/v2\/product_brand?post=47085"},{"taxonomy":"product_cat","embeddable":true,"href":"https:\/\/ctinternational.nl\/shop\/wp-json\/wp\/v2\/product_cat?post=47085"},{"taxonomy":"product_tag","embeddable":true,"href":"https:\/\/ctinternational.nl\/shop\/wp-json\/wp\/v2\/product_tag?post=47085"}],"curies":[{"name":"wp","href":"https:\/\/api.w.org\/{rel}","templated":true}]}}