{"id":2427,"date":"2012-06-29T09:30:10","date_gmt":"2012-06-29T07:30:10","guid":{"rendered":"http:\/\/ctinternational.test.hkbo.nl\/product\/samenwerkende-pedicures-voetbalsem-blauw-500-ml\/"},"modified":"2026-01-26T12:28:21","modified_gmt":"2026-01-26T11:28:21","slug":"samenwerkende-pedicures-voetbalsem-blauw-500-ml","status":"publish","type":"product","link":"https:\/\/ctinternational.nl\/shop\/product\/samenwerkende-pedicures-voetbalsem-blauw-500-ml\/","title":{"rendered":"Samenwerkende Pedicures Voetbalsem Blauw 500 ml"},"content":{"rendered":"<h1>Samenwerkende Pedicures Voetbalsem Blauw 500 ml<\/h1>\n<p>Samenwerkende Pedicures is een serie unieke en gepatenteerde voetverzorgingsproducten, die uitsluitend verkrijgbaar zijn via de pedicure. Het zijn producten die daadwerkelijk een oplossing bieden voor veel voorkomende problemen, zoals mycosenagels (kalknagel) en voetschimmel.<\/p>\n<p>Het werkzame ingredi\u00ebnt rozemarijn in de Voetbalsem Blauw kalmeert de huid en stimuleert de bloedsomloop. Het ingredi\u00ebnt eucalyptus heeft niet alleen een helende en bacteri\u00eble werking, maar kan ook bepaalde infecties helpen voorkomen, zoals \u201ccandida albicans\u201d, beter bekend als een schimmelinfectie.<\/p>\n<ul>\n<li>Minder last heeft van koude voeten<\/li>\n<li>Bevat o.a. rozemarijn en eucalyptus<\/li>\n<li>Geschikt voor diabetici<\/li>\n<li>500 ml pompflacon<\/li>\n<\/ul>\n","protected":false},"excerpt":{"rendered":"<p>Deze voetbalsem is ideaal voor de behandeling van droge en jeukende voeten. De balsem bevat ingredi\u00ebnten die perfect zijn voor de dagelijkse verzorging en wordt snel door de huid opgenomen.<\/p>\n","protected":false},"featured_media":50446,"template":"","meta":{"_monsterinsights_skip_tracking":false,"_monsterinsights_sitenote_active":false,"_monsterinsights_sitenote_note":"","_monsterinsights_sitenote_category":0},"product_brand":[],"product_cat":[75,228,154],"product_tag":[],"class_list":{"0":"post-2427","1":"product","2":"type-product","3":"status-publish","4":"has-post-thumbnail","6":"product_cat-pedicure","7":"product_cat-samenwerkende-pedicures","8":"product_cat-voetverzorgingsproducten","9":"description-off","11":"first","12":"instock","13":"taxable","14":"shipping-taxable","15":"product-type-simple"},"_links":{"self":[{"href":"https:\/\/ctinternational.nl\/shop\/wp-json\/wp\/v2\/product\/2427","targetHints":{"allow":["GET"]}}],"collection":[{"href":"https:\/\/ctinternational.nl\/shop\/wp-json\/wp\/v2\/product"}],"about":[{"href":"https:\/\/ctinternational.nl\/shop\/wp-json\/wp\/v2\/types\/product"}],"wp:featuredmedia":[{"embeddable":true,"href":"https:\/\/ctinternational.nl\/shop\/wp-json\/wp\/v2\/media\/50446"}],"wp:attachment":[{"href":"https:\/\/ctinternational.nl\/shop\/wp-json\/wp\/v2\/media?parent=2427"}],"wp:term":[{"taxonomy":"product_brand","embeddable":true,"href":"https:\/\/ctinternational.nl\/shop\/wp-json\/wp\/v2\/product_brand?post=2427"},{"taxonomy":"product_cat","embeddable":true,"href":"https:\/\/ctinternational.nl\/shop\/wp-json\/wp\/v2\/product_cat?post=2427"},{"taxonomy":"product_tag","embeddable":true,"href":"https:\/\/ctinternational.nl\/shop\/wp-json\/wp\/v2\/product_tag?post=2427"}],"curies":[{"name":"wp","href":"https:\/\/api.w.org\/{rel}","templated":true}]}}