{"id":1076,"date":"2012-03-19T21:46:31","date_gmt":"2012-03-19T20:46:31","guid":{"rendered":"http:\/\/ctinternational.test.hkbo.nl\/product\/refectocil-wimperblaadjes-96-stuks\/"},"modified":"2025-02-03T16:56:47","modified_gmt":"2025-02-03T15:56:47","slug":"refectocil-wimperblaadjes-96-stuks","status":"publish","type":"product","link":"https:\/\/ctinternational.nl\/shop\/product\/refectocil-wimperblaadjes-96-stuks\/","title":{"rendered":"Refectocil Wimperblaadjes"},"content":{"rendered":"<h1>Refectocil Wimperblaadjes<\/h1>\n<h2>Refectocil producten<\/h2>\n<p>Gebruik onder de wimperblaadjes een dun laagje Refectocil Skin Protection Creme<\/p>\n<ul>\n<li>96 stuks<\/li>\n<\/ul>\n<p>Gebruiksaanwijzing: Breng aan \u00e9\u00e9n zijde van het wimperblaadje Skin Protection Cr\u00e8me aan en vraag je klant omhoog te kijken. Leg nu het wimperblaadje onder de onderste wimperrand zodat de huid beschermd is tegen verfresten.<\/p>\n","protected":false},"excerpt":{"rendered":"<p>De wimperblaadjes zijn van speciaal papier. De blaadjes sluiten soepel aan op de huid en voorkomen dat de verf doortrekt in de huid.<\/p>\n<p>&nbsp;<\/p>\n","protected":false},"featured_media":31598,"template":"","meta":{"_monsterinsights_skip_tracking":false,"_monsterinsights_sitenote_active":false,"_monsterinsights_sitenote_note":"","_monsterinsights_sitenote_category":0},"product_brand":[],"product_cat":[209,76,201],"product_tag":[],"class_list":{"0":"post-1076","1":"product","2":"type-product","3":"status-publish","4":"has-post-thumbnail","6":"product_cat-refectocil","7":"product_cat-schoonheid","8":"product_cat-wimpers-en-wenkbrauwen","9":"description-off","11":"first","12":"instock","13":"taxable","14":"shipping-taxable","15":"product-type-simple"},"_links":{"self":[{"href":"https:\/\/ctinternational.nl\/shop\/wp-json\/wp\/v2\/product\/1076","targetHints":{"allow":["GET"]}}],"collection":[{"href":"https:\/\/ctinternational.nl\/shop\/wp-json\/wp\/v2\/product"}],"about":[{"href":"https:\/\/ctinternational.nl\/shop\/wp-json\/wp\/v2\/types\/product"}],"wp:featuredmedia":[{"embeddable":true,"href":"https:\/\/ctinternational.nl\/shop\/wp-json\/wp\/v2\/media\/31598"}],"wp:attachment":[{"href":"https:\/\/ctinternational.nl\/shop\/wp-json\/wp\/v2\/media?parent=1076"}],"wp:term":[{"taxonomy":"product_brand","embeddable":true,"href":"https:\/\/ctinternational.nl\/shop\/wp-json\/wp\/v2\/product_brand?post=1076"},{"taxonomy":"product_cat","embeddable":true,"href":"https:\/\/ctinternational.nl\/shop\/wp-json\/wp\/v2\/product_cat?post=1076"},{"taxonomy":"product_tag","embeddable":true,"href":"https:\/\/ctinternational.nl\/shop\/wp-json\/wp\/v2\/product_tag?post=1076"}],"curies":[{"name":"wp","href":"https:\/\/api.w.org\/{rel}","templated":true}]}}