{"id":1046,"date":"2012-03-19T21:45:35","date_gmt":"2012-03-19T20:45:35","guid":{"rendered":"http:\/\/ctinternational.test.hkbo.nl\/product\/refectocil-afdekcreme-oogmasker-75-ml\/"},"modified":"2026-04-17T16:51:36","modified_gmt":"2026-04-17T14:51:36","slug":"refectocil-skin-protection-creme","status":"publish","type":"product","link":"https:\/\/ctinternational.nl\/shop\/product\/refectocil-skin-protection-creme\/","title":{"rendered":"Refectocil Skin Protection Cr\u00e8me"},"content":{"rendered":"<h1>Refectocil Skin Protection Cr\u00e8me<\/h1>\n<h2>Refectocil producten<\/h2>\n<p>Deze cr\u00e8me geeft verzorging, bescherming \u00e9n hechting. Gebruik de cr\u00e8me onder de Refectocil wimperblaadjes. De natuurlijke ingredi\u00ebnten vitamine E, alo\u00eb Vera en zoete amandelolie verzorgen de huid tijdens het verven van de wimpers en wenkbrauwen.<\/p>\n<p>Refectocil Skin Protection Cream &amp; Eye Mask is speciaal ontwikkeld voor het &#8216;vastzetten&#8217; van de wimperblaadjes.<\/p>\n<ul>\n<li>Geschikt voor de gevoelige huid rond de ogen<\/li>\n<li>Masseer na het verven de Skin Protection Cream &amp; Eye Mask in de huid d.m.v. een korte oogmassage<\/li>\n<li>Ook geschikt om te gebruiken als hydraterend gezichts- en\/of handmasker, 5 min inwerktijd, daarna de rest inmasseren.<\/li>\n<\/ul>\n<p>Gebruiksaanwijzing: Breng de Skin Protection Cream &amp; Eye Mask aan op de gereinigde huid onder de ogen, het bovenste ooglid en de huid rondom de wenkbrauwen om verfvlekken te voorkomen. Ook zeer geschikt als oogmasker (inwerktijd 10 minuten).<\/p>\n","protected":false},"excerpt":{"rendered":"<p>Een verzorgende cr\u00e8me om wimperblaadjes op hun plaats te houden. De cr\u00e8melaag beschermt de huid bovendien tegen kleuring en uitdroging.<\/p>\n","protected":false},"featured_media":46589,"template":"","meta":{"_monsterinsights_skip_tracking":false,"_monsterinsights_sitenote_active":false,"_monsterinsights_sitenote_note":"","_monsterinsights_sitenote_category":0},"product_brand":[],"product_cat":[209,76,201],"product_tag":[],"class_list":{"0":"post-1046","1":"product","2":"type-product","3":"status-publish","4":"has-post-thumbnail","6":"product_cat-refectocil","7":"product_cat-schoonheid","8":"product_cat-wimpers-en-wenkbrauwen","9":"description-off","11":"first","12":"instock","13":"taxable","14":"shipping-taxable","15":"product-type-simple"},"_links":{"self":[{"href":"https:\/\/ctinternational.nl\/shop\/wp-json\/wp\/v2\/product\/1046","targetHints":{"allow":["GET"]}}],"collection":[{"href":"https:\/\/ctinternational.nl\/shop\/wp-json\/wp\/v2\/product"}],"about":[{"href":"https:\/\/ctinternational.nl\/shop\/wp-json\/wp\/v2\/types\/product"}],"wp:featuredmedia":[{"embeddable":true,"href":"https:\/\/ctinternational.nl\/shop\/wp-json\/wp\/v2\/media\/46589"}],"wp:attachment":[{"href":"https:\/\/ctinternational.nl\/shop\/wp-json\/wp\/v2\/media?parent=1046"}],"wp:term":[{"taxonomy":"product_brand","embeddable":true,"href":"https:\/\/ctinternational.nl\/shop\/wp-json\/wp\/v2\/product_brand?post=1046"},{"taxonomy":"product_cat","embeddable":true,"href":"https:\/\/ctinternational.nl\/shop\/wp-json\/wp\/v2\/product_cat?post=1046"},{"taxonomy":"product_tag","embeddable":true,"href":"https:\/\/ctinternational.nl\/shop\/wp-json\/wp\/v2\/product_tag?post=1046"}],"curies":[{"name":"wp","href":"https:\/\/api.w.org\/{rel}","templated":true}]}}

Refectocil Skin Protection Crème

<h1>Refectocil Skin Protection Crème</h1>
<h2>Refectocil producten</h2>
<p>Deze crème geeft verzorging, bescherming én hechting. Gebruik de crème onder de Refectocil wimperblaadjes. De natuurlijke ingrediënten vitamine E, aloë Vera en zoete amandelolie verzorgen de huid tijdens het verven van de wimpers en wenkbrauwen.</p>
<p>Refectocil Skin Protection Cream &amp; Eye Mask is speciaal ontwikkeld voor het &#8216;vastzetten&#8217; van de wimperblaadjes.</p>
<ul>
<li>Geschikt voor de gevoelige huid rond de ogen</li>
<li>Masseer na het verven de Skin Protection Cream &amp; Eye Mask in de huid d.m.v. een korte oogmassage</li>
<li>Ook geschikt om te gebruiken als hydraterend gezichts- en/of handmasker, 5 min inwerktijd, daarna de rest inmasseren.</li>
</ul>
<p>Gebruiksaanwijzing: Breng de Skin Protection Cream &amp; Eye Mask aan op de gereinigde huid onder de ogen, het bovenste ooglid en de huid rondom de wenkbrauwen om verfvlekken te voorkomen. Ook zeer geschikt als oogmasker (inwerktijd 10 minuten).</p>

<p>Een verzorgende crème om wimperblaadjes op hun plaats te houden. De crèmelaag beschermt de huid bovendien tegen kleuring en uitdroging.</p>
